{"id":8471,"date":"2019-07-08T17:50:24","date_gmt":"2019-07-08T15:50:24","guid":{"rendered":"https:\/\/schleese-sattel.de\/?post_type=wpsl_stores&#038;p=8471"},"modified":"2026-02-24T17:05:15","modified_gmt":"2026-02-24T16:05:15","slug":"heikotympel","status":"publish","type":"wpsl_stores","link":"https:\/\/schleese-sattel.de\/en\/vertrieb\/heikotympel\/","title":{"rendered":"Heiko Tympel &#8211; Pferde- &#038; Sattel Ergonomie"},"content":{"rendered":"<p>Status: gepr\u00fcfter Sattel Ergonom\u00ae<\/p>\n<p>Bereich: Niedersachsen, Sachsen &#8211; Anhalt<\/p>\n<p>Pferde begleiten mich seit vielen Jahren \u2013 nicht nur beruflich, sondern aus tiefster \u00dcberzeugung. Als gelernter\u00a0Pferdewirt f\u00fcr Zucht und Haltung\u00a0und mit langj\u00e4hriger Erfahrung als\u00a0Bereiter\u00a0durfte ich mit vielen unterschiedlichen Pferden und Reiter*innen arbeiten. Diese Zeit hat meinen Blick f\u00fcr feine Zusammenh\u00e4nge gesch\u00e4rft und mir gezeigt, wie entscheidend das Zusammenspiel von Pferd, Mensch und Ausr\u00fcstung ist.<\/p>\n<p>In den letzten Jahren habe ich mich intensiv im\u00a0Horsemanship\u00a0weitergebildet und mich mit gro\u00dfer Leidenschaft der\u00a0Working Equitation\u00a0gewidmet. Dabei wurde mir immer deutlicher, dass Probleme im Training oder im t\u00e4glichen Umgang h\u00e4ufig nicht am Pferd selbst liegen \u2013 sondern in unpassenden S\u00e4tteln, ung\u00fcnstigen Einwirkungen oder reiterlichen Herausforderungen, deren Ursachen oft nicht auf den ersten Blick erkennbar sind.<\/p>\n<p>Aus dem Wunsch heraus, hier nachhaltig und fundiert helfen zu k\u00f6nnen, habe ich die\u00a0Ausbildung zum Pferde- und Sattelergonomen nach Sattelfit4life\u00a0absolviert. Heute verbinde ich mein praktisches Wissen mit einem geschulten Blick f\u00fcr Biomechanik, Passform und Bewegung.<\/p>\n<p>Mein Ziel ist die\u00a0Harmonie zwischen Pferd und Reiter*in\u00a0\u2013 unterst\u00fctzt durch einen passenden, pferdegerechten Sattel. Besonders am Herzen liegen mir das\u00a0gesunderhaltende Reiten\u00a0sowie die\u00a0Freude im Alltag mit deinem Partner Pferd. Denn nur wenn sich beide wohlf\u00fchlen, kann echte Leichtigkeit und Vertrauen entstehen.<\/p>","protected":false},"excerpt":{"rendered":"<p>Status: gepr\u00fcfter Sattel Ergonom\u00ae Bereich: Niedersachsen, Sachsen &#8211; Anhalt Pferde begleiten mich seit vielen Jahren \u2013 nicht nur beruflich, sondern aus tiefster \u00dcberzeugung. Als gelernter\u00a0Pferdewirt f\u00fcr Zucht und Haltung\u00a0und mit langj\u00e4hriger Erfahrung als\u00a0Bereiter\u00a0durfte ich mit vielen unterschiedlichen Pferden und Reiter*innen arbeiten. Diese Zeit hat meinen Blick f\u00fcr feine Zusammenh\u00e4nge gesch\u00e4rft und mir gezeigt, wie entscheidend [&hellip;]<\/p>\n","protected":false},"author":50,"featured_media":8472,"template":"","wpsl_store_category":[28],"class_list":["post-8471","wpsl_stores","type-wpsl_stores","status-publish","has-post-thumbnail","hentry","wpsl_store_category-partner"],"acf":[],"_links":{"self":[{"href":"https:\/\/schleese-sattel.de\/en\/wp-json\/wp\/v2\/wpsl_stores\/8471","targetHints":{"allow":["GET"]}}],"collection":[{"href":"https:\/\/schleese-sattel.de\/en\/wp-json\/wp\/v2\/wpsl_stores"}],"about":[{"href":"https:\/\/schleese-sattel.de\/en\/wp-json\/wp\/v2\/types\/wpsl_stores"}],"author":[{"embeddable":true,"href":"https:\/\/schleese-sattel.de\/en\/wp-json\/wp\/v2\/users\/50"}],"version-history":[{"count":3,"href":"https:\/\/schleese-sattel.de\/en\/wp-json\/wp\/v2\/wpsl_stores\/8471\/revisions"}],"predecessor-version":[{"id":8475,"href":"https:\/\/schleese-sattel.de\/en\/wp-json\/wp\/v2\/wpsl_stores\/8471\/revisions\/8475"}],"wp:featuredmedia":[{"embeddable":true,"href":"https:\/\/schleese-sattel.de\/en\/wp-json\/wp\/v2\/media\/8472"}],"wp:attachment":[{"href":"https:\/\/schleese-sattel.de\/en\/wp-json\/wp\/v2\/media?parent=8471"}],"wp:term":[{"taxonomy":"wpsl_store_category","embeddable":true,"href":"https:\/\/schleese-sattel.de\/en\/wp-json\/wp\/v2\/wpsl_store_category?post=8471"}],"curies":[{"name":"wp","href":"https:\/\/api.w.org\/{rel}","templated":true}]}}

<p>Status: geprüfter Sattel Ergonom®</p>
<p>Bereich: Niedersachsen, Sachsen &#8211; Anhalt</p>
<p>Pferde begleiten mich seit vielen Jahren – nicht nur beruflich, sondern aus tiefster Überzeugung. Als gelernter Pferdewirt für Zucht und Haltung und mit langjähriger Erfahrung als Bereiter durfte ich mit vielen unterschiedlichen Pferden und Reiter*innen arbeiten. Diese Zeit hat meinen Blick für feine Zusammenhänge geschärft und mir gezeigt, wie entscheidend das Zusammenspiel von Pferd, Mensch und Ausrüstung ist.</p>
<p>In den letzten Jahren habe ich mich intensiv im Horsemanship weitergebildet und mich mit großer Leidenschaft der Working Equitation gewidmet. Dabei wurde mir immer deutlicher, dass Probleme im Training oder im täglichen Umgang häufig nicht am Pferd selbst liegen – sondern in unpassenden Sätteln, ungünstigen Einwirkungen oder reiterlichen Herausforderungen, deren Ursachen oft nicht auf den ersten Blick erkennbar sind.</p>
<p>Aus dem Wunsch heraus, hier nachhaltig und fundiert helfen zu können, habe ich die Ausbildung zum Pferde- und Sattelergonomen nach Sattelfit4life absolviert. Heute verbinde ich mein praktisches Wissen mit einem geschulten Blick für Biomechanik, Passform und Bewegung.</p>
<p>Mein Ziel ist die Harmonie zwischen Pferd und Reiter*in – unterstützt durch einen passenden, pferdegerechten Sattel. Besonders am Herzen liegen mir das gesunderhaltende Reiten sowie die Freude im Alltag mit deinem Partner Pferd. Denn nur wenn sich beide wohlfühlen, kann echte Leichtigkeit und Vertrauen entstehen.</p>

<p>Status: geprüfter Sattel Ergonom® Bereich: Niedersachsen, Sachsen &#8211; Anhalt Pferde begleiten mich seit vielen Jahren – nicht nur beruflich, sondern aus tiefster Überzeugung. Als gelernter Pferdewirt für Zucht und Haltung und mit langjähriger Erfahrung als Bereiter durfte ich mit vielen unterschiedlichen Pferden und Reiter*innen arbeiten. Diese Zeit hat meinen Blick für feine Zusammenhänge geschärft und mir gezeigt, wie entscheidend [&hellip;]</p>
